at is p(o)?
6
Let q(l) = l - 10. Let x be q(5). Let m be ((-18)/(-3) + x)/((-2)/(-14)). Let t(a) = a**2 - 8*a - 1. What is t(m)?
-8
Let j = 0 + 0. Let y(o) be the second derivative of o**6/120 - o**5/60 + 7*o**3/6 - 6*o**2 - 11*o. Let c(i) be the first derivative of y(i). What is c(j)?
7
Suppose -3*y + 2*d = -17, 13 = 4*y + 4*d - 23. Let j(r) = -12*r - 7*r - 2*r - 2 + 22*r. Determine j(y).
5
Let f = -8 - -10. Suppose -5*q = -f*q - 9. Let u(n) = n**3 - 3*n**2 - 3*n - 1. Determine u(q).
-10
Let q be 7/(-28)*-4*2. Let m(x) = 29*x - 34*x - 6*x**q + 4*x**2 + 4. Give m(-4).
-8
Let j(i) = -i**3 + 9*i**2 + 11*i - 3. Suppose 5*n - 9*f - 46 = -10*f, 0 = n + 5*f + 10. Determine j(n).
7
Let i(d) = -19*d**2 + 12*d + 8. Let g(o) = 14*o**2 - 10*o - 7. Let z(q) = -4*g(q) - 3*i(q). Let u be 1*(-2 - (-12)/(-3)). Calculate z(u).
16
Let f(o) = -o**3 + 0*o - 2*o - 1941*o**2 + 3 + 1937*o**2. Suppose j + 2*p = 5, -j + 5*p - 4*p = 7. Give f(j).
0
Let d be 1 + (-18)/(-3) + -4. Let t(w) = 5*w**2 - 5*w + 3. Determine t(d).
33
Let p(j) = -2*j + 4. Let o(g) = g**3 - 5*g**2 - g - 14. Let z be o(6). Suppose 3 + 93 = z*k. Give p(k).
-8
Let p(g) = 5*g. Let f be (1 + 2)*(-3 + 4). Let o(b) = -4*b + 1. Let t(z) = f*p(z) + 4*o(z). Let q be (-1)/((15/(-20))/(-3)). Give t(q).
8
Let x(f) = -2*f**2 + 4. Suppose 8*c = 4*c + 120. Let k = c + -27. Determine x(k).
-14
Suppose -5*o = -2*a + 2, 0*o - 1 = -a - 5*o. Suppose 2*j = -11 - a. Let i(d) = -212*d + 643*d + d**2 - 214*d - 213*d - 7. What is i(j)?
5
Let h(g) = -g**3 + 17*g**2 + 39*g - 4. Let o be h(19). Let l be (-7)/((-42)/8) + (-5)/o. Let u(x) = -2*x**2 - x + 1. Calculate u(l).
-2
Let k(q) = -q**3 + 21*q**2 - 18*q - 40. Let h be k(20). Let t(c) = c. What is t(h)?
0
Let u(f) = f**2 - 4*f - 8. Suppose -1788*i = -1795*i + 42. Determine u(i).
4
Suppose 3*c + 5*d = -1, 4*c - 4 = -4*d - 0*d. Let j(y) = -y**3 - 4 + 3*y**2 - c*y + 3 + 2*y**2 + 3. Let z = 24 + -20. Give j(z).
6
Let m(l) = -23*l**3 - 2*l**2 + 2*l - 1. Let z(t) = -t**3 + 4*t + 1. Let g be z(2). Determine m(g).
-24
Let p(n) = n**3 - 10*n**2 - 6. Let l = 448 - 438. Determine p(l).
-6
Let v(l) be the third derivative of l**6/120 - l**4/4 + l**3/6 - 56*l**2. Determine v(-3).
-8
Let h(a) = a**3 + a**2 - a - 1. Let b be -7 + 2 + 2 - 3. Let r(x) = 5*x**3 + 10*x**2 - 6*x - 7. Let t(l) = b*h(l) + r(l). What is t(4)?
-1
Suppose -3*i + 4*y = 9, -2*i = -4*i + 4*y - 10. Let b = i - -6. Let m(g) = -g**2 + 6*g + 7. Let d be m(b). Let u(s) = -s**2 - 7. Determine u(d).
-7
Let m(n) = 4*n**2 - n - n**2 + 8*n - 4*n**2 - 9. Let p be m(6). Let c(u) = u**2 + 4*u - 2. Let q be c(p). Let v(i) = -i**3 - 4*i**2 + 5*i - 6. Give v(q).
-6
Suppose 0 = 4*s - 4*u + 4, -3*u + 2*u = -4*s + 8. Let n(c) = -59*c**2 + 26*c**2 - 4 + 35*c**2 - c**3 + 8. Calculate n(s).
-5
Let a(m) = -70 + 5*m**2 + 2*m + 74 + 0*m - 6*m**2. Determine a(3).
1
Let y(x) = -27*x + 1. Let b be 570/475 - (2 - (-2)/10). Determine y(b).
28
Let m(c) be the second derivative of c**4/24 - c**3/6 + 5*c**2/2 + 2*c. Let t(w) be the first derivative of m(w). Let j be 6/(-9)*1 - (-4)/(-12). What is t(j)?
-2
Let k(x) = -x**2 - 8*x. Let q(s) = s**3 + 4*s**2 - 5*s - 4. Let w be q(-5). Let g(d) = 1. Let v(t) = w*g(t) + k(t). Calculate v(-4).
12
Let x(g) = 468 - 2*g**2 + 7*g - 462 - 3*g. Calculate x(4).
-10
Suppose 26 = -25*w - 224. Let j(i) = i**3 + 11*i**2 + 9*i - 10. Give j(w).
0
Let p(f) be the second derivative of -f**7/2520 - f**6/120 - f**5/20 - 7*f**4/6 - 8*f. Let x(w) be the third derivative of p(w). What is x(-6)?
-6
Let b(r) = 19*r - 146. Let a be b(8). Let i(x) = -8 - 2*x + 1 + 4*x. Determine i(a).
5
Let m(n) be the second derivative of -n**4/12 - 11*n**3/6 - 6*n**2 + 9*n - 1. Calculate m(-10).
-2
Let p be 28/21*4/((-28)/(-21)). Let v(y) be the second derivative of 0 + 5*y - 2*y**2 + y**3 - 1/12*y**p. Determine v(4).
4
Let a(i) be the third derivative of -4*i**2 + 0 + 7/6*i**3 + 0*i + 1/24*i**4. Calculate a(-6).
1
Let o(c) be the first derivative of 25 + 1/3*c**3 - 3*c - 2*c**2. Let v be (-21)/(-4) + (-1)/4. Calculate o(v).
2
Let s(m) = m**2 + 2*m - 1. Let r(d) = -6*d**2 - 11*d + 5. Let i be 4*-1*121/(-22). Let a(h) = i*s(h) + 4*r(h). Let k = 3 - 1. Determine a(k).
-10
Let d(y) = 6*y - 1. Suppose 3*l - 26 = -2*o, -l = -5*o - 3 + 17. Give d(l).
35
Let l(t) be the second derivative of -t**5/20 + t**4/2 + 7*t**3/6 - 5*t**2 + 2*t. Suppose -7 = k - 4*p + 2, k = p + 3. Calculate l(k).
-10
Let n(u) = -4*u**2 + 3*u - 2. Let d(a) = 8*a - a - 4*a - 2 - 5*a**2. Let h(c) = 3*d(c) - 4*n(c). What is h(2)?
0
Let q(p) = 6*p - 108. Let w(f) = 18*f - 316. Let r(x) = 11*q(x) - 4*w(x). What is r(12)?
4
Let n(s) = -11*s**2 - 15*s - 15. Let w be -2*12/3*-1. Let d(q) = 7*q**2 + 10*q + 10. Let y(p) = w*d(p) + 5*n(p). Calculate y(-4).
1
Let j(u) be the first derivative of -15*u**2/2 - 2*u + 292. Calculate j(-1).
13
Let q(g) be the second derivative of -g**4/12 + 14*g**3/3 - 25*g**2 + 882*g. Calculate q(26).
2
Let h be (2/(-8))/(1/(-4)). Let d be (1 - h) + 8/(-2). Let y(u) be the first derivative of u**2/2 - u - 31. Calculate y(d).
-5
Let x(w) = -2*w + 29. Let h(l) = -3*l + 43. Let k = 70 - 75. Let q(o) = k*h(o) + 8*x(o). Determine q(8).
9
Let a(x) = 6*x**2 - 2*x + 1. Suppose -2*g + 2*n - 4 = 2*g, 0 = -3*g - 2*n + 11. What is a(g)?
5
Let s(w) = -w**2 - 6*w - 2. Suppose 2*j + 2*m = 8, 3*j + j + 2*m - 14 = 0. Suppose -j*k - k + 24 = -4*z, 2*k + 2*z - 20 = 0. Let x = -13 + k. Give s(x).
3
Suppose -13 = -d + 3*h, 3*d = h - 5*h + 26. Let t(w) = -14 + d + 10 - w. Let u(k) = k**2 + 5*k + 5. Let y be u(-5). Give t(y).
1
Let g be (-1)/3 + (-8)/3. Let a(o) be the first derivative of -o**3/3 - o**2/2 + 5037. Determine a(g).
-6
Let b be (4/4)/(-1)*-1. Let z(q) = -q**3 - 4*q**2 + 2. Let u be z(-3). Let p be b + u - (-3 - -3). Let v(a) = -a**3 - 5*a**2 + 6*a. What is v(p)?
0
Let f be 2/(-8)*(-24)/4. Let c(o) be the second derivative of 0 + f*o**2 - 1/20*o**5 - 10*o + 1/2*o**4 - 1/3*o**3. What is c(6)?
-9
Let q(j) = 9*j - 33 - j**3 + 10*j**2 + 2*j**3 + 35 + j. Determine q(-8).
50
Let w(h) = -h + 3. Let m(v) = v**3 - 14*v**2 + 14*v + 2. Let t be m(13). Let x be (-2)/(-1)*t/6. Suppose x*k + 2*l = 3*l + 29, -l + 1 = 0. Calculate w(k).
-3
Let l(s) = -s**3 - s**2 + 1. Suppose 0 = -2*k + 38 - 36. Let y(f) = f**2 - 6*f. Let t(d) = k*l(d) - y(d). Calculate t(-4).
9
Let l(i) = -4 + 0 + 15 + 142*i + 149*i - 289*i. What is l(-9)?
-7
Let j be 20/((-10)/2) + 8. Let z(a) = -3*a + 5. Let p(q) = -4*q + 5. Let l(u) = -2*p(u) + 3*z(u). Let d be l(j). Let n(v) = -6*v**2 + v. What is n(d)?
-5
Suppose 3*v = -5*v + 16. Let y(a) = -a**2 + 47 - 48 + v*a**2 + 8*a. What is y(-7)?
-8
Let o = -12031/12 + 1003. Let v(i) be the second derivative of 7*i - 3*i**2 + 0 + 1/6*i**3 - 1/20*i**5 + o*i**4. Give v(5).
-1
Let t(c) = -2*c**2 + 10*c + 7. Let z(j) = j**2 - 5*j - 4. Let b(f) = 3*t(f) + 7*z(f). Let g(h) = -3*h + 26. Let i be g(8). Suppose 3*v - i = 13. Determine b(v).
-7
Let q(k) = k + 7*k - 17 - 11*k. Give q(-8).
7
Let g(s) = -2*s**2 - s + 7. Let q(x) be the third derivative of 0 + 0*x**4 - 1/3*x**3 + 4*x**2 + 1/60*x**5 + 0*x. Let i(v) = -2*g(v) - 7*q(v). Determine i(2).
-8
Let o(d) = 3*d - 7. Let i(n) = -51*n + 13 + 96*n - 51*n. Let u(b) = -6*i(b) - 11*o(b). Calculate u(-3).
-10
Let l(i) = -11*i**2 - 21*i - 19. Let x(j) = -5*j**2 - 10*j - 9. Suppose -49 = 5*q + 16. Let m(t) = q*x(t) + 6*l(t). Let d be -4*(0/2 - 1). What is m(d)?
3
Let r(z) = 1058*z**2 - 543*z**2 - 535*z**2 - 1 + 2*z. Let w(h) = h**2 - 5*h + 1. Let c be w(5). Calculate r(c).
-19
Let o(x) be the second derivative of -3*x**5/10 - x**4/6 - x**3/6 - 20*x. Let h = -2 - -4. Let v = h - 3. Determine o(v).
5
Let z(q) be the third derivative of -q**9/20160 - q**8/5040 - q**7/1680 - 3*q**5/10 + 15*q**2. Let n(l) be the third derivative of z(l). Calculate n(-2).
14
Let a(j) = j**3 - 12*j**2 + 11*j + 6. Let q be a(11). Let d(o) = 0*o + o**2 + q - o - 5*o. Give d(5).
1
Let o = 12 - 11. Let d be o + 2 + (-20)/(-5). Let f(s) = -5 + 1 + 3*s**2 - d*s + 0*s - 2*s**2. Give f(7).
-4
Let o(k) = -k - 5. Let x be o(-16). Let y(p) = -3*p - p**2 + 30 + x*p - 38. Suppose 10 = d + 4. Give y(d).
4
Let y(t) be the second derivative of -t**5/20 + 13*t**4/12 - 5*t**3/2 + 33*t**2/2 + 314*t. Calculate y(12).
-3
Let l(u) be the second derivative of 5/2*u**2 + 1/2*u**3 - 1/